) = 3*t - 23. Let h(d) = d - 8. Let a be 7/(-28) - (-62)/(-8). Let v(f) = a*h(f) + 3*w(f). Suppose 5*s - 20 = 4*k + k, 0 = 4*s - 16. Determine v(k).
-5
Let x(j) = 2*j + 23. Suppose 19*c - 14*c - 34 = 4*g, -5*c = 5*g + 65. Determine x(g).
1
Let j(p) = -7*p - 4. Let b(h) = -48*h - 27. Let r(f) = -4*b(f) + 27*j(f). Determine r(-5).
-15
Let x(r) = -r**2 + 3 + 5*r**2 - 5*r**2 - 3*r. Calculate x(0).
3
Let w(g) = -2*g. Let c be (-4)/(-26) - (-205)/(-65). Let h be (0 - 2)/(c/12). Suppose -h + 29 = 7*n. What is w(n)?
-6
Let v(t) = -8*t + 1. Let u be v(-1). Let d be 100/36 - (-2)/u. Let x(a) = -2 - 17*a + 19*a - 1 + 3*a**2 + a**d. Determine x(-3).
-9
Suppose -3*x - 2*s = -64, 3*x + 3*s = 78 - 12. Let t(o) = 8 - 8 + x*o. Give t(-1).
-20
Let q(p) be the first derivative of -15 + 0*p + 1/2*p**4 + 1/2*p**2 + 1/3*p**3. Calculate q(-1).
-2
Let v(r) = 22*r - 1. Let h be v(2). Let u = h + -49. Let t(k) = -k - 6. Calculate t(u).
0
Let h(g) = g + 5. Let b be h(-9). Suppose d + 3*p = 8, 4*p - 10 = -3*d + 2*p. Let i(w) = -2*w**d - 3 - 5*w - 2 + 2 + 6. Determine i(b).
-9
Let t(r) = r**3 - r**2 - 21. Let o = -122 + 122. Determine t(o).
-21
Let x(k) = -k + 3. Let g be 3/(9/(-12))*-29. Suppose 0 = -g*v + 111*v + 15. Calculate x(v).
0
Let f(p) be the first derivative of -p**2 - 3*p + 1. Suppose s + 3*i = -1, 3*i = s - 32 + 9. Let o be 4/6 - s/3. Calculate f(o).
3
Suppose -3*y - 8 = -2*t, 0 = -4*t + 3*t - y + 14. Suppose t*g - 28 = 6*g. Let n(h) = -h**2 + 8*h - 5. Determine n(g).
2
Let w(h) be the first derivative of -h**4/4 + 2*h**3 + h**2/2 - 3*h + 108. What is w(6)?
3
Let b(z) = -z**2 + 6*z - 2. Let o(c) = c**3 - 7*c**2 + 6*c - 1. Let g be o(6). Let r be g + (-42)/(-3) + 0. Let a = -8 + r. Calculate b(a).
3
Suppose -9 = 2*b + 3*j, 4*j = -4*b + 3*j - 23. Let u(v) = v + 2 - 4 + v**2 + 6*v. What is u(b)?
-8
Let b = 11 + -12. Let r be -8*b/(8/2). Let x(o) = 41*o + 0 - 43*o + r. Calculate x(2).
-2
Let a(n) = -n**2 + 7*n - 7. Let q(u) = -2*u**2 - 4*u. Let g be q(-3). Let z be (8 - 18)/(4/g). Suppose 3*f - 3*o - z = 0, 0*f + 4*f - 5*o - 20 = 0. Give a(f).
3
Let g(w) = w**3 + 6*w**2 - 115*w + 18. Let c be g(8). Let t(o) = 4*o + 29. Determine t(c).
5
Suppose 3*y + 20 = -y. Let p(j) be the third derivative of 0 + 0*j - 1/120*j**6 + 2/3*j**3 + 1/12*j**4 + 5*j**2 - 1/12*j**5. Give p(y).
-6
Let a be 24/(-15) + 4/(-10). Let r(g) be the first derivative of -g**3/3 + g**2/2 + g - 1108. Give r(a).
-5
Let f(n) = -7*n**2 + 6 - 10*n + 3 - 5*n**3 + 6*n**3. Suppose -43*b + 45*b = 16. What is f(b)?
-7
Let m(w) be the first derivative of 5/3*w**3 + 1/4*w**4 - 4 + w + 2*w**2. Let q(b) = -b**2 - b. Let x(h) = m(h) + 3*q(h). Determine x(-1).
1
Let t(i) = 5*i**2 + i - 1. Suppose -7*c - 80 = -3*c. Let h be (-30)/c - 1/2. Calculate t(h).
5
Let s(l) = 9*l**2 + l. Let v(x) = 1 - 3 + 2*x - 3*x. Let y be (0 + -1)*(0 + 3). Let i be v(y). Determine s(i).
10
Suppose 4 = -3*y - 5*q - 21, -20 = 5*y + 4*q. Let c = y - -2. Let r(t) = 2 + 6 - t**2 + 0*t**c - 3 - 5*t. Give r(-4).
9
Let a(n) = n. Suppose -5*c - 4*v + 1 = 0, -4*c + 5*v + 4 = -5. Let r(h) = -6*h + 3. Let o = 12 + -7. Let i(m) = c*r(m) + o*a(m). Calculate i(4).
-1
Let t(f) = -10*f + 272. Let v be t(27). Let k(q) = -16*q + 2. Calculate k(v).
-30
Suppose w = -2*y + 3 + 6, -w = -5. Let j be (-3)/((-12)/4) + y. Suppose m = -3*m + j*i - 2, -3*m - 4*i = -11. Let u(c) = -11*c**3 + 2*c - 1. Determine u(m).
-10
Suppose -2*k + 20 = -4*h, 4*k + k = h + 14. Let u(v) = -2*v + 5*v**k + 6*v - v. Let m(n) = n**2 - 45*n + 372. Let l be m(34). What is u(l)?
14
Let w be 0*2/(-8)*-4. Suppose 6*c + 6 = -w. Let u(s) = -3*s**3 - s - 1. Determine u(c).
3
Let r(p) = p**3 - 3*p**2 + p - 6. Let n be r(3). Let z(o) = 2*o + 1. Let c(h) = h + 2. Let f(s) = 3*c(s) - 2*z(s). Calculate f(n).
7
Let z(g) = -5*g**2 + 2*g + 2. Let s(i) = 4*i**2 - 7*i - 6. Let b be s(-1). Let c(m) = 6*m**2 - 2*m - 2. Let j(q) = b*z(q) + 4*c(q). Calculate j(-3).
-13
Let j(a) = a**3 - 6*a**2 + 3*a - 6. Let w = -565 - -571. Calculate j(w).
12
Suppose 4*g + g = 0. Suppose g = -3*p + p + 2. Let t be p*(-2 - (-1 + 4)). Let o(c) = 2*c + 4. Give o(t).
-6
Let m(j) = -2*j**2. Let w(y) = -11*y**2 + 4*y + 1. Let l(o) = 6*m(o) - w(o). Suppose -4*a - 6 - 10 = 0. What is l(a)?
-1
Suppose -2*j + 12 = -4*t, 3*j - 10 = -3*t + 8. Let u(b) = j + 6 + b**2 + 5 - 7 - 14*b. Determine u(13).
-3
Let c(n) = -n + 1. Let t = -34 + 61. Let q = t - 20. Determine c(q).
-6
Suppose 4*u + 22 = 3*q, -4*u = 4*q - 3*u - 23. Suppose 7*v + q = 4*v. Let d(s) be the third derivative of s**4/24 + s**3/6 + 13*s**2. Give d(v).
-1
Let r(l) = -l**3 + 6*l**2 + 4*l + 19. Let d be 28/6*(-1)/((-6)/9). Calculate r(d).
-2
Let x(d) be the first derivative of 1/2*d**2 + 2*d - 17. Give x(-7).
-5
Let w(r) = r**3 - 14*r**2 - 14*r - 13. Let p = -11 + 17. Let k be 93/p - 1/2. Let g be w(k). Let i(s) = s**2 - 2*s + 2. Determine i(g).
2
Let o(g) = -3*g + 5. Let b(j) = -j**3 + 6*j**2 - j + 8. Let y be b(6). Calculate o(y).
-1
Let c(m) be the third derivative of m**6/120 + m**5/12 + m**4/8 - 2*m**3/3 - 172*m**2. Let s = 18 + -13. Suppose -4 = -4*a + s*a. Give c(a).
0
Let o(y) = 2*y**3 - 31*y**2 - 22*y - 38. Let x(f) = f**3 - 15*f**2 - 9*f - 18. Let c(w) = -2*o(w) + 5*x(w). Calculate c(13).
-27
Let j(c) be the first derivative of c**3/6 - 9*c**2/2 - 25*c - 37. Let h(s) be the first derivative of j(s). Give h(7).
-2
Suppose -3*a = -6*a + 48. Let t(p) = 5 + 11 - 4*p - a. Give t(-1).
4
Let f(k) = 4*k + 4. Let r be -16 - -12 - 12/(-2). Let l(p) = -5 + 8*p + r + 0*p - 11*p. Let s(w) = 5*f(w) + 7*l(w). Determine s(-3).
2
Let q = -2903 + 2894. Let r(j) = 3*j**3 - 2*j**3 - 8*j + 7 + 8*j**2 + 3. Calculate r(q).
1
Let z(m) = m - 9. Let c be z(12). Let n(l) = 3*l - l**2 + l + 1 + 0*l - c. Determine n(4).
-2
Let q(z) = z**2 + 5. Suppose -5*k + 3 = -k - i, -12 = 3*k + 4*i. Let b be (k - -2) + -11 + 9. Give q(b).
5
Suppose -12*v + 11*v = 1. Let j(r) = 8*r**3 - 4*r**2 + 3*r - 1. Let h(t) = t**2 - t. Let i(c) = v*j(c) - 4*h(c). Determine i(-1).
8
Let m(o) = -o**2 + 19*o - 5. Let a = -646 + 665. What is m(a)?
-5
Suppose -u + 9 = -p - 2*u, 2*p + 21 = -3*u. Let z(m) = m - 1. Determine z(p).
-7
Let s(t) = -15*t**3 - 9*t**2 - 37*t. Let u(v) = 7*v**3 + 4*v**2 + 17*v. Let z(r) = 6*s(r) + 13*u(r). Give z(2).
-2
Let j(t) = t - 1. Let w(x) = 2*x**2 - 10*x + 14. Let u(l) = 12*j(l) + w(l). Let z be u(-2). Let c be -7 - 2*(-3)/z. Let n(d) = -2*d - 4. Determine n(c).
8
Let o(n) = 3*n**2 + 5*n - 15. Let q(u) = u**2 + 2*u - 1. Let a(v) = -o(v) + 2*q(v). Suppose -4*c = -9 - 11. Let z = 5 - c. Determine a(z).
13
Let i(p) be the third derivative of p**4/24 - p**3/2 - p**2. Let g(h) = 0*h - 2 + 1 - 2*h - 3. Let b be g(0). Give i(b).
-7
Let v = -32 + 34. Let c(y) = -7*y + 21*y**v - 2*y + 10*y + 1. What is c(-1)?
21
Let d(r) = -3 + 8*r - 3*r - 7*r. Give d(9).
-21
Let l(t) be the first derivative of t**4/4 + t**3 + t**2/2 - 181. Let c be ((-6)/(-15))/((-1)/5). Calculate l(c).
2
Let y(b) = 3*b**2 - 3*b - 6. Let n(z) = -8 - 7*z - 8 + 7 + 4*z**2 + 3*z. Let a(x) = 5*n(x) - 7*y(x). Determine a(4).
-15
Let z(d) be the first derivative of -4*d - 3/2*d**2 - 8. Suppose s - 3*n = 2, -2*s - 2*n = 3*n + 18. Determine z(s).
8
Let y(a) = -9*a**2 - 4*a + 11. Let w(b) = -8*b**2 - 3*b + 9. Let v(l) = -7*w(l) + 6*y(l). Give v(2).
5
Let l(v) = 5*v - 7 + 5*v**2 + 3*v**3 - 4*v**3 + 2 + 0*v**3. Give l(6).
-11
Suppose 10 = 5*z - 10*z. Let f(b) = b**3 + b**2 - b - 1. Let t(h) = 4*h**3 + 8*h**2 - h - 3. Let w(o) = -5*f(o) + t(o). Give w(z).
14
Let c(v) = 7*v**2. Let l(y) = -y**2 + 5*y + 5. Let q(n) = n**2 - 5*n - 8. Let t be q(7). Let w = t + 0. Let r be l(w). Give c(r).
7
Let b(v) be the first derivative of -v**6/180 - v**5/120 - 13*v**3/3 - 7. Let t(h) be the third derivative of b(h). Determine t(-1).
-1
Let b(p) be the second derivative of p**8/6720 + p**7/1260 + p**6/360 - 13*p**4/6 - 14*p. Let s(o) be the third derivative of b(o). Determine s(-2).
-4
Suppose -9 = t + 3*g, t + 5 + 10 = -5*g. Let l(j) be the third derivative of -2/3*j**3 + 0*j + t + 9*j**2 - 1/12*j**4. Determine l(-3).
2
Let q(l) = l + 6. Suppose 2*h - 9 - 19 = 0. Let v be (h/(-3) - -4)*6. Calculate q(v).
2
Let b(f) be the first derivative of 2*f**3/3 + 19*f**2/2 + f - 273. Give b(-9).
-8
Let l(x) = -x**3 - 1. Let a(s) = 7*s**3 - 5*s**2 + 4*s + 8. Let f